{"id":1194,"date":"2020-11-30T09:05:05","date_gmt":"2020-11-30T12:05:05","guid":{"rendered":"http:\/\/c2671120.ferozo.com\/?page_id=1194"},"modified":"2025-09-19T08:53:54","modified_gmt":"2025-09-19T11:53:54","slug":"equinos","status":"publish","type":"page","link":"https:\/\/eurotec.com.ar\/index.php\/equinos\/","title":{"rendered":"equinos"},"content":{"rendered":"<p>[et_pb_section fb_built=&#8221;1&#8243; fullwidth=&#8221;on&#8221; disabled_on=&#8221;off|off|off&#8221; _builder_version=&#8221;4.16&#8243; background_color=&#8221;#ffffff&#8221; width=&#8221;100%&#8221; width_tablet=&#8221;&#8221; width_phone=&#8221;&#8221; width_last_edited=&#8221;on|desktop&#8221; custom_margin_tablet=&#8221;&#8221; custom_margin_phone=&#8221;||-352px||false|false&#8221; custom_margin_last_edited=&#8221;on|phone&#8221; global_colors_info=&#8221;{}&#8221;][et_pb_fullwidth_slider _builder_version=&#8221;4.27.4&#8243; background_color=&#8221;rgba(0,0,0,0)&#8221; width=&#8221;100%&#8221; max_width=&#8221;100%&#8221; module_alignment=&#8221;center&#8221; custom_padding=&#8221;467px|||||&#8221; auto=&#8221;on&#8221; auto_speed=&#8221;5000&#8243; auto_ignore_hover=&#8221;on&#8221; hover_enabled=&#8221;0&#8243; global_colors_info=&#8221;{}&#8221; sticky_enabled=&#8221;0&#8243;][et_pb_slide _builder_version=&#8221;4.27.4&#8243; background_color=&#8221;rgba(0,0,0,0)&#8221; background_enable_color=&#8221;on&#8221; background_image=&#8221;https:\/\/eurotec.com.ar\/wp-content\/uploads\/2020\/11\/Equinos-Slides-01.png&#8221; background_enable_image=&#8221;on&#8221; background_size=&#8221;contain&#8221; background_position=&#8221;top_center&#8221; width=&#8221;100%&#8221; max_width=&#8221;100%&#8221; hover_enabled=&#8221;0&#8243; global_colors_info=&#8221;{}&#8221; sticky_transition=&#8221;on&#8221; title_text=&#8221;Equinos Slides-01&#8243; sticky_enabled=&#8221;0&#8243;][\/et_pb_slide][et_pb_slide _builder_version=&#8221;4.27.4&#8243; background_color=&#8221;rgba(0,0,0,0)&#8221; background_enable_color=&#8221;on&#8221; background_image=&#8221;https:\/\/eurotec.com.ar\/wp-content\/uploads\/2020\/11\/Equinos-Slides-02.png&#8221; background_enable_image=&#8221;on&#8221; background_size=&#8221;contain&#8221; background_position=&#8221;top_center&#8221; width=&#8221;100%&#8221; max_width=&#8221;100%&#8221; hover_enabled=&#8221;0&#8243; global_colors_info=&#8221;{}&#8221; sticky_transition=&#8221;on&#8221; title_text=&#8221;Equinos Slides-02&#8243; sticky_enabled=&#8221;0&#8243;][\/et_pb_slide][\/et_pb_fullwidth_slider][\/et_pb_section][et_pb_section fb_built=&#8221;1&#8243; _builder_version=&#8221;4.16&#8243; background_color=&#8221;#000000&#8243; custom_margin=&#8221;60px|||||&#8221; custom_padding=&#8221;4px||0px|||&#8221; global_colors_info=&#8221;{}&#8221;][et_pb_row column_structure=&#8221;3_5,2_5&#8243; _builder_version=&#8221;4.16&#8243; global_colors_info=&#8221;{}&#8221;][et_pb_column type=&#8221;3_5&#8243; _builder_version=&#8221;4.16&#8243; global_colors_info=&#8221;{}&#8221;][et_pb_text _builder_version=&#8221;4.16&#8243; text_text_color=&#8221;#ffffff&#8221; header_text_color=&#8221;#ffffff&#8221; global_colors_info=&#8221;{}&#8221;]<\/p>\n<h1>Equinos<\/h1>\n<p>[\/et_pb_text][\/et_pb_column][et_pb_column type=&#8221;2_5&#8243; _builder_version=&#8221;4.16&#8243; global_colors_info=&#8221;{}&#8221;][\/et_pb_column][\/et_pb_row][\/et_pb_section][et_pb_section fb_built=&#8221;1&#8243; _builder_version=&#8221;4.16&#8243; background_color=&#8221;#ffffff&#8221; custom_margin=&#8221;0px|||||&#8221; custom_padding=&#8221;4px||0px|||&#8221; global_colors_info=&#8221;{}&#8221;][et_pb_row column_structure=&#8221;3_4,1_4&#8243; _builder_version=&#8221;4.16&#8243; custom_margin=&#8221;|auto|3px|auto|false|false&#8221; custom_padding=&#8221;19px||6px||false|false&#8221; border_color_bottom=&#8221;#7bafde&#8221; global_colors_info=&#8221;{}&#8221;][et_pb_column type=&#8221;3_4&#8243; _builder_version=&#8221;4.16&#8243; global_colors_info=&#8221;{}&#8221;][et_pb_text _builder_version=&#8221;4.16&#8243; global_colors_info=&#8221;{}&#8221;]<\/p>\n<h3><strong><\/strong><\/h3>\n<p>&nbsp;<\/p>\n<h3><strong>TIPO DE PRODUCTO<\/strong>\u00a0<\/h3>\n<p>Aditivo Nutricional. Suplemento Alimenticio.<span style=\"font-size: 14px;\">\u00a0<\/span><\/p>\n<p>\u00a0<span style=\"font-size: 14px;\">\u00a0<\/span><\/p>\n<h3><strong>CATEGOR\u00cdAS A LAS QUE SE DESTINA<\/strong>\u00a0<\/h3>\n<p>Potrillos en crecimiento, Yeguas en gestaci\u00f3n y\/o en lactaci\u00f3n, Padrillos y Caballos durante el per\u00edodo de training y competencia deportiva.<span style=\"font-size: 14px;\">\u00a0<\/span><\/p>\n<p>\u00a0<span style=\"font-size: 14px;\">\u00a0<\/span><\/p>\n<h3><strong>INDICACIONES DE USO<\/strong>\u00a0<\/h3>\n<p>Suplemento nutricional destinado para equinos durante el per\u00edodo de training y competencia deportiva; Padrillos en servicio; Yeguas en gestaci\u00f3n (especialmente los \u00faltimos tres meses); lactaci\u00f3n y Potrillos en crecimiento.<span style=\"font-size: 14px;\">\u00a0<\/span><\/p>\n<p>&nbsp;<\/p>\n<h3><strong>N\u00d3MINA DE INGREDIENTES<\/strong>\u00a0<\/h3>\n<p>Harina de Soja Micronizada Inactivada, Fosfato, Carbonato de Calcio, Sulfato de Hierro, \u00d3xido de Zinc, \u00d3xido de Cobre, Carbonato de Cobalto, Lisina, Treonina, Vitaminas A, D3, E, Vitaminas B1, B2, B6 y B12, Colina, Biotina, Niacina, \u00c1cido Pantot\u00e9nico, \u00c1cido F\u00f3lico, Aromatizante Manzana y Antioxidante.<\/p>\n<p>&nbsp;<\/p>\n<p>[\/et_pb_text][\/et_pb_column][et_pb_column type=&#8221;1_4&#8243; _builder_version=&#8221;4.16&#8243; global_colors_info=&#8221;{}&#8221;][\/et_pb_column][\/et_pb_row][et_pb_row column_structure=&#8221;1_2,1_2&#8243; _builder_version=&#8221;4.16&#8243; global_colors_info=&#8221;{}&#8221;][et_pb_column type=&#8221;1_2&#8243; _builder_version=&#8221;4.16&#8243; global_colors_info=&#8221;{}&#8221;][et_pb_text _builder_version=&#8221;4.16&#8243; global_colors_info=&#8221;{}&#8221;]<\/p>\n<h3><b>COMPOSICI\u00d3N CENTESIMAL<\/b><\/h3>\n<p>[\/et_pb_text][et_pb_image src=&#8221;http:\/\/c2671120.ferozo.com\/wp-content\/uploads\/2020\/11\/cuadro-01-equinos.jpg&#8221; _builder_version=&#8221;4.16&#8243; global_colors_info=&#8221;{}&#8221;][\/et_pb_image][\/et_pb_column][et_pb_column type=&#8221;1_2&#8243; _builder_version=&#8221;4.16&#8243; global_colors_info=&#8221;{}&#8221;][et_pb_text _builder_version=&#8221;4.16&#8243; global_colors_info=&#8221;{}&#8221;]<\/p>\n<h3><b>DOSIFICACI\u00d3N<\/b><\/h3>\n<p>[\/et_pb_text][et_pb_image src=&#8221;http:\/\/c2671120.ferozo.com\/wp-content\/uploads\/2020\/11\/cuadro-02-equinos.jpg&#8221; _builder_version=&#8221;4.16&#8243; global_colors_info=&#8221;{}&#8221;][\/et_pb_image][\/et_pb_column][\/et_pb_row][et_pb_row _builder_version=&#8221;4.16&#8243; global_colors_info=&#8221;{}&#8221;][et_pb_column type=&#8221;4_4&#8243; _builder_version=&#8221;4.16&#8243; global_colors_info=&#8221;{}&#8221;][et_pb_image src=&#8221;http:\/\/c2671120.ferozo.com\/wp-content\/uploads\/2020\/11\/cuadro-03-equinos.jpg&#8221; _builder_version=&#8221;4.16&#8243; global_colors_info=&#8221;{}&#8221;][\/et_pb_image][et_pb_text _builder_version=&#8221;4.16&#8243; global_colors_info=&#8221;{}&#8221;]<\/p>\n<h3><b>CONDICIONES DE CONSERVACI\u00d3N DEL PRODUCTO<br \/>\n<\/b><\/h3>\n<p>\nAlmacenar el producto seg\u00fan las condiciones normales de almacenamiento, el envase bien cerrado y estibado en un ambiente fresco, seco, lejos de la luz solar y bajo techo.\n<\/p>\n<p>[\/et_pb_text][et_pb_image src=&#8221;http:\/\/c2671120.ferozo.com\/wp-content\/uploads\/2020\/11\/texto-equinos.jpg&#8221; _builder_version=&#8221;4.16&#8243; width=&#8221;422px&#8221; global_colors_info=&#8221;{}&#8221;][\/et_pb_image][\/et_pb_column][\/et_pb_row][\/et_pb_section]<\/p>\n","protected":false},"excerpt":{"rendered":"<p>Equinos &nbsp; TIPO DE PRODUCTO\u00a0 Aditivo Nutricional. Suplemento Alimenticio.\u00a0 \u00a0\u00a0 CATEGOR\u00cdAS A LAS QUE SE DESTINA\u00a0 Potrillos en crecimiento, Yeguas en gestaci\u00f3n y\/o en lactaci\u00f3n, Padrillos y Caballos durante el per\u00edodo de training y competencia deportiva.\u00a0 \u00a0\u00a0 INDICACIONES DE USO\u00a0 Suplemento nutricional destinado para equinos durante el per\u00edodo de training y competencia deportiva; Padrillos en [&hellip;]<\/p>\n","protected":false},"author":1,"featured_media":0,"parent":0,"menu_order":0,"comment_status":"closed","ping_status":"closed","template":"","meta":{"_et_pb_use_builder":"on","_et_pb_old_content":"<!-- wp:paragraph -->\n<p>This is an example page. It's different from a blog post because it will stay in one place and will show up in your site navigation (in most themes). Most people start with an About page that introduces them to potential site visitors. It might say something like this:<\/p>\n<!-- \/wp:paragraph -->\n\n<!-- wp:quote -->\n<blockquote class=\"wp-block-quote\"><p>Hi there! I'm a bike messenger by day, aspiring actor by night, and this is my website. I live in Los Angeles, have a great dog named Jack, and I like pi\u00f1a coladas. (And gettin' caught in the rain.)<\/p><\/blockquote>\n<!-- \/wp:quote -->\n\n<!-- wp:paragraph -->\n<p>...or something like this:<\/p>\n<!-- \/wp:paragraph -->\n\n<!-- wp:quote -->\n<blockquote class=\"wp-block-quote\"><p>The XYZ Doohickey Company was founded in 1971, and has been providing quality doohickeys to the public ever since. Located in Gotham City, XYZ employs over 2,000 people and does all kinds of awesome things for the Gotham community.<\/p><\/blockquote>\n<!-- \/wp:quote -->\n\n<!-- wp:paragraph -->\n<p>As a new WordPress user, you should go to <a href=\"https:\/\/beta.eurotec.com.ar\/wp-admin\/\">your dashboard<\/a> to delete this page and create new pages for your content. Have fun!<\/p>\n<!-- \/wp:paragraph -->","_et_gb_content_width":"","footnotes":""},"class_list":["post-1194","page","type-page","status-publish","hentry"],"yoast_head":"<!-- This site is optimized with the Yoast SEO plugin v27.5 - https:\/\/yoast.com\/product\/yoast-seo-wordpress\/ -->\n<title>equinos - Eurotec<\/title>\n<meta name=\"robots\" content=\"index, follow, max-snippet:-1, max-image-preview:large, max-video-preview:-1\" \/>\n<link rel=\"canonical\" href=\"https:\/\/eurotec.com.ar\/index.php\/equinos\/\" \/>\n<meta property=\"og:locale\" content=\"es_ES\" \/>\n<meta property=\"og:type\" content=\"article\" \/>\n<meta property=\"og:title\" content=\"equinos - Eurotec\" \/>\n<meta property=\"og:description\" content=\"Equinos &nbsp; TIPO DE PRODUCTO\u00a0 Aditivo Nutricional. Suplemento Alimenticio.\u00a0 \u00a0\u00a0 CATEGOR\u00cdAS A LAS QUE SE DESTINA\u00a0 Potrillos en crecimiento, Yeguas en gestaci\u00f3n y\/o en lactaci\u00f3n, Padrillos y Caballos durante el per\u00edodo de training y competencia deportiva.\u00a0 \u00a0\u00a0 INDICACIONES DE USO\u00a0 Suplemento nutricional destinado para equinos durante el per\u00edodo de training y competencia deportiva; Padrillos en [&hellip;]\" \/>\n<meta property=\"og:url\" content=\"https:\/\/eurotec.com.ar\/index.php\/equinos\/\" \/>\n<meta property=\"og:site_name\" content=\"Eurotec\" \/>\n<meta property=\"article:modified_time\" content=\"2025-09-19T11:53:54+00:00\" \/>\n<meta name=\"twitter:card\" content=\"summary_large_image\" \/>\n<meta name=\"twitter:label1\" content=\"Tiempo de lectura\" \/>\n\t<meta name=\"twitter:data1\" content=\"4 minutos\" \/>\n<script type=\"application\/ld+json\" class=\"yoast-schema-graph\">{\"@context\":\"https:\\\/\\\/schema.org\",\"@graph\":[{\"@type\":\"WebPage\",\"@id\":\"https:\\\/\\\/eurotec.com.ar\\\/index.php\\\/equinos\\\/\",\"url\":\"https:\\\/\\\/eurotec.com.ar\\\/index.php\\\/equinos\\\/\",\"name\":\"equinos - Eurotec\",\"isPartOf\":{\"@id\":\"https:\\\/\\\/eurotec.com.ar\\\/#website\"},\"datePublished\":\"2020-11-30T12:05:05+00:00\",\"dateModified\":\"2025-09-19T11:53:54+00:00\",\"breadcrumb\":{\"@id\":\"https:\\\/\\\/eurotec.com.ar\\\/index.php\\\/equinos\\\/#breadcrumb\"},\"inLanguage\":\"es\",\"potentialAction\":[{\"@type\":\"ReadAction\",\"target\":[\"https:\\\/\\\/eurotec.com.ar\\\/index.php\\\/equinos\\\/\"]}]},{\"@type\":\"BreadcrumbList\",\"@id\":\"https:\\\/\\\/eurotec.com.ar\\\/index.php\\\/equinos\\\/#breadcrumb\",\"itemListElement\":[{\"@type\":\"ListItem\",\"position\":1,\"name\":\"Home\",\"item\":\"https:\\\/\\\/eurotec.com.ar\\\/\"},{\"@type\":\"ListItem\",\"position\":2,\"name\":\"equinos\"}]},{\"@type\":\"WebSite\",\"@id\":\"https:\\\/\\\/eurotec.com.ar\\\/#website\",\"url\":\"https:\\\/\\\/eurotec.com.ar\\\/\",\"name\":\"Eurotec\",\"description\":\"Productos y Aditivos para Nutrici\u00f3n Animal\",\"potentialAction\":[{\"@type\":\"SearchAction\",\"target\":{\"@type\":\"EntryPoint\",\"urlTemplate\":\"https:\\\/\\\/eurotec.com.ar\\\/?s={search_term_string}\"},\"query-input\":{\"@type\":\"PropertyValueSpecification\",\"valueRequired\":true,\"valueName\":\"search_term_string\"}}],\"inLanguage\":\"es\"}]}<\/script>\n<!-- \/ Yoast SEO plugin. -->","yoast_head_json":{"title":"equinos - Eurotec","robots":{"index":"index","follow":"follow","max-snippet":"max-snippet:-1","max-image-preview":"max-image-preview:large","max-video-preview":"max-video-preview:-1"},"canonical":"https:\/\/eurotec.com.ar\/index.php\/equinos\/","og_locale":"es_ES","og_type":"article","og_title":"equinos - Eurotec","og_description":"Equinos &nbsp; TIPO DE PRODUCTO\u00a0 Aditivo Nutricional. Suplemento Alimenticio.\u00a0 \u00a0\u00a0 CATEGOR\u00cdAS A LAS QUE SE DESTINA\u00a0 Potrillos en crecimiento, Yeguas en gestaci\u00f3n y\/o en lactaci\u00f3n, Padrillos y Caballos durante el per\u00edodo de training y competencia deportiva.\u00a0 \u00a0\u00a0 INDICACIONES DE USO\u00a0 Suplemento nutricional destinado para equinos durante el per\u00edodo de training y competencia deportiva; Padrillos en [&hellip;]","og_url":"https:\/\/eurotec.com.ar\/index.php\/equinos\/","og_site_name":"Eurotec","article_modified_time":"2025-09-19T11:53:54+00:00","twitter_card":"summary_large_image","twitter_misc":{"Tiempo de lectura":"4 minutos"},"schema":{"@context":"https:\/\/schema.org","@graph":[{"@type":"WebPage","@id":"https:\/\/eurotec.com.ar\/index.php\/equinos\/","url":"https:\/\/eurotec.com.ar\/index.php\/equinos\/","name":"equinos - Eurotec","isPartOf":{"@id":"https:\/\/eurotec.com.ar\/#website"},"datePublished":"2020-11-30T12:05:05+00:00","dateModified":"2025-09-19T11:53:54+00:00","breadcrumb":{"@id":"https:\/\/eurotec.com.ar\/index.php\/equinos\/#breadcrumb"},"inLanguage":"es","potentialAction":[{"@type":"ReadAction","target":["https:\/\/eurotec.com.ar\/index.php\/equinos\/"]}]},{"@type":"BreadcrumbList","@id":"https:\/\/eurotec.com.ar\/index.php\/equinos\/#breadcrumb","itemListElement":[{"@type":"ListItem","position":1,"name":"Home","item":"https:\/\/eurotec.com.ar\/"},{"@type":"ListItem","position":2,"name":"equinos"}]},{"@type":"WebSite","@id":"https:\/\/eurotec.com.ar\/#website","url":"https:\/\/eurotec.com.ar\/","name":"Eurotec","description":"Productos y Aditivos para Nutrici\u00f3n Animal","potentialAction":[{"@type":"SearchAction","target":{"@type":"EntryPoint","urlTemplate":"https:\/\/eurotec.com.ar\/?s={search_term_string}"},"query-input":{"@type":"PropertyValueSpecification","valueRequired":true,"valueName":"search_term_string"}}],"inLanguage":"es"}]}},"jetpack_sharing_enabled":true,"_links":{"self":[{"href":"https:\/\/eurotec.com.ar\/index.php\/wp-json\/wp\/v2\/pages\/1194","targetHints":{"allow":["GET"]}}],"collection":[{"href":"https:\/\/eurotec.com.ar\/index.php\/wp-json\/wp\/v2\/pages"}],"about":[{"href":"https:\/\/eurotec.com.ar\/index.php\/wp-json\/wp\/v2\/types\/page"}],"author":[{"embeddable":true,"href":"https:\/\/eurotec.com.ar\/index.php\/wp-json\/wp\/v2\/users\/1"}],"replies":[{"embeddable":true,"href":"https:\/\/eurotec.com.ar\/index.php\/wp-json\/wp\/v2\/comments?post=1194"}],"version-history":[{"count":10,"href":"https:\/\/eurotec.com.ar\/index.php\/wp-json\/wp\/v2\/pages\/1194\/revisions"}],"predecessor-version":[{"id":1602,"href":"https:\/\/eurotec.com.ar\/index.php\/wp-json\/wp\/v2\/pages\/1194\/revisions\/1602"}],"wp:attachment":[{"href":"https:\/\/eurotec.com.ar\/index.php\/wp-json\/wp\/v2\/media?parent=1194"}],"curies":[{"name":"wp","href":"https:\/\/api.w.org\/{rel}","templated":true}]}}